{"id":895,"date":"2021-11-24T15:25:19","date_gmt":"2021-11-24T15:25:19","guid":{"rendered":"https:\/\/cursoscecap.es\/ata\/?page_id=895"},"modified":"2024-04-11T08:27:01","modified_gmt":"2024-04-11T08:27:01","slug":"politica-de-privacidad","status":"publish","type":"page","link":"https:\/\/cursoscecap.es\/ata\/politica-de-privacidad\/","title":{"rendered":"Pol\u00edtica de privacidad"},"content":{"rendered":"<p>[et_pb_section fb_built=\u00bb1&#8243; _builder_version=\u00bb4.16&#8243; _module_preset=\u00bbdefault\u00bb global_colors_info=\u00bb{}\u00bb][et_pb_row custom_padding_last_edited=\u00bbon|phone\u00bb _builder_version=\u00bb4.16&#8243; _module_preset=\u00bbdefault\u00bb background_color=\u00bb#ffffff\u00bb use_background_color_gradient=\u00bbon\u00bb background_color_gradient_stops=\u00bb#ffffff 0%|rgba(255,255,255,0.44) 100%\u00bb background_color_gradient_overlays_image=\u00bbon\u00bb background_color_gradient_start=\u00bb#ffffff\u00bb background_color_gradient_end=\u00bbrgba(255,255,255,0.44)\u00bb background_enable_image=\u00bboff\u00bb background_size=\u00bbcontain\u00bb background_position=\u00bbbottom_right\u00bb custom_margin=\u00bb||||false|false\u00bb custom_margin_tablet=\u00bb\u00bb custom_margin_phone=\u00bb\u00bb custom_margin_last_edited=\u00bbon|tablet\u00bb custom_padding=\u00bb0.2%|60px|0.2%|60px|true|true\u00bb custom_padding_tablet=\u00bb|30px||30px|true|true\u00bb custom_padding_phone=\u00bb|20px||20px|false|true\u00bb background_size_tablet=\u00bbinitial\u00bb locked=\u00bboff\u00bb global_colors_info=\u00bb{}\u00bb][et_pb_column type=\u00bb4_4&#8243; _builder_version=\u00bb4.16&#8243; _module_preset=\u00bbdefault\u00bb global_colors_info=\u00bb{}\u00bb][et_pb_image src=\u00bbhttps:\/\/cursoscecap.es\/ata\/wp-content\/uploads\/2022\/04\/indice.png\u00bb title_text=\u00bb\u00edndice\u00bb url=\u00bb\/ata\/inicio\u00bb align=\u00bbcenter\u00bb _builder_version=\u00bb4.18.0&#8243; _module_preset=\u00bbdefault\u00bb max_width=\u00bb40%\u00bb max_width_tablet=\u00bb70%\u00bb max_width_phone=\u00bb90%\u00bb max_width_last_edited=\u00bbon|phone\u00bb custom_margin=\u00bb||46px||false|false\u00bb custom_padding=\u00bb36px|||||\u00bb global_colors_info=\u00bb{}\u00bb][\/et_pb_image][et_pb_button button_url=\u00bb\/ata\/inicio\u00bb button_text=\u00bbVOLVER AL INICIO\u00bb button_alignment=\u00bbcenter\u00bb module_class=\u00bblwp-back-button\u00bb _builder_version=\u00bb4.18.0&#8243; _module_preset=\u00bbdefault\u00bb custom_button=\u00bbon\u00bb button_text_color=\u00bb#224735&#8243; button_border_radius=\u00bb0px\u00bb button_font=\u00bbAldrich||||||||\u00bb global_colors_info=\u00bb{}\u00bb][\/et_pb_button][et_pb_divider color=\u00bb#5ea244&#8243; divider_weight=\u00bb1px\u00bb _builder_version=\u00bb4.17.1&#8243; _module_preset=\u00bbdefault\u00bb width=\u00bb50%\u00bb module_alignment=\u00bbcenter\u00bb custom_margin=\u00bb0px||||false|false\u00bb custom_padding=\u00bb|||0px|false|false\u00bb global_colors_info=\u00bb{}\u00bb][\/et_pb_divider][\/et_pb_column][\/et_pb_row][et_pb_row _builder_version=\u00bb4.16&#8243; _module_preset=\u00bbdefault\u00bb global_colors_info=\u00bb{}\u00bb][et_pb_column type=\u00bb4_4&#8243; _builder_version=\u00bb4.16&#8243; _module_preset=\u00bbdefault\u00bb global_colors_info=\u00bb{}\u00bb][et_pb_text _builder_version=\u00bb4.17.1&#8243; _module_preset=\u00bbdefault\u00bb text_font=\u00bbPoppins|300|||||||\u00bb text_font_size=\u00bb54px\u00bb header_font=\u00bbAldrich|300|||||||\u00bb header_font_size=\u00bb54px\u00bb global_colors_info=\u00bb{}\u00bb]<\/p>\n<h1 style=\"text-align: center;\"><span style=\"text-decoration: underline;\">Pol\u00edtica de Privacidad<\/span><\/h1>\n<p>[\/et_pb_text][\/et_pb_column][\/et_pb_row][et_pb_row _builder_version=\u00bb4.16&#8243; _module_preset=\u00bbdefault\u00bb custom_margin=\u00bb1px|auto||auto||\u00bb global_colors_info=\u00bb{}\u00bb][et_pb_column type=\u00bb4_4&#8243; _builder_version=\u00bb4.16&#8243; _module_preset=\u00bbdefault\u00bb global_colors_info=\u00bb{}\u00bb][et_pb_text _builder_version=\u00bb4.17.1&#8243; _module_preset=\u00bbdefault\u00bb text_font=\u00bbPoppins|300|||||||\u00bb header_font=\u00bbPoppins|300|||||||\u00bb header_font_size=\u00bb54px\u00bb global_colors_info=\u00bb{}\u00bb]<\/p>\n<div class=\"row\">\n<div class=\"et_pb_row et_pb_row_2\">\n<div class=\"et_pb_column et_pb_column_4_4 et_pb_column_2  et_pb_css_mix_blend_mode_passthrough et-last-child\">\n<div class=\"et_pb_module et_pb_text et_pb_text_1  et_pb_text_align_left et_pb_bg_layout_light\">\n<div class=\"et_pb_text_inner\">\n<h4>1. INFORMACI\u00d3N AL USUARIO<\/h4>\n<div align=\"left\">\n<p class=\"p1\"><b>FEDERACI\u00d3N EMPRESARIAL DE CENTROS DE FORMACI\u00d3N DE LA COMUNIDAD VALENCIANA<\/b>, en adelante RESPONSABLE, es el Responsable del tratamiento de los datos personales del Usuario y le informa que estos datos ser\u00e1n tratados de conformidad con lo dispuesto en el Reglamento (UE) 2016\/679 de 27 de abril (GDPR) y la Ley Org\u00e1nica 3\/2018 de 5 de diciembre (LOPDGDD), por lo que se le facilita la siguiente informaci\u00f3n del tratamiento:<\/p>\n<p><b>Fin del tratamiento<\/b>: mantener una relaci\u00f3n comercial con el Usuario. Las operaciones previstas para realizar el tratamiento son:<\/p>\n<ul>\n<li>\u2013 Remisi\u00f3n de comunicaciones comerciales publicitarias por email, fax, SMS, MMS, comunidades sociales o cualquier otro medio electr\u00f3nico o f\u00edsico, presente o futuro, que posibilite realizar comunicaciones comerciales. Estas comunicaciones ser\u00e1n realizadas por el RESPONSABLE y relacionadas sobre sus productos y servicios, o de sus colaboradores o proveedores con los que \u00e9ste haya alcanzado alg\u00fan acuerdo de promoci\u00f3n. En este caso, los terceros nunca tendr\u00e1n acceso a los datos personales.<\/li>\n<li>\u2013 Realizar estudios estad\u00edsticos.<\/li>\n<li>\u2013 Tramitar encargos, solicitudes o cualquier tipo de petici\u00f3n que sea realizada por el usuario a trav\u00e9s de cualquiera de las formas de contacto que se ponen a su disposici\u00f3n.<\/li>\n<li>\u2013 Remitir el bolet\u00edn de noticias de la p\u00e1gina web.<\/li>\n<\/ul>\n<p><b>Base jur\u00eddica del tratamiento<\/b>: consentimiento del interesado.<\/p>\n<p><b>Criterios de conservaci\u00f3n de los datos<\/b>: se conservar\u00e1n durante no m\u00e1s tiempo del necesario para mantener el fin del tratamiento y cuando ya no sea necesario para tal fin, se suprimir\u00e1n con medidas de seguridad adecuadas para garantizar la seudonimizaci\u00f3n de los datos o la destrucci\u00f3n total de los mismos.<\/p>\n<p><b>Comunicaci\u00f3n de los datos<\/b>: No se comunicar\u00e1n los datos a terceros, salvo obligaci\u00f3n legal.<\/p>\n<p><b>Derechos que asisten al Usuario<\/b>:<\/p>\n<ul>\n<li>\u2013 Derecho a retirar el consentimiento en cualquier momento.<\/li>\n<li>\u2013 Derecho de acceso, rectificaci\u00f3n, portabilidad y supresi\u00f3n de sus datos y a la limitaci\u00f3n u oposici\u00f3n al su tratamiento.<\/li>\n<li>\u2013 Derecho a presentar una reclamaci\u00f3n ante la autoridad de control (www.aepd.es) si considera que el tratamiento no se ajusta a la normativa vigente.<\/li>\n<\/ul>\n<p><b>Datos de contacto para ejercer sus derechos<\/b>: FEDERACI\u00d3N EMPRESARIAL DE CENTROS DE FORMACI\u00d3N DE LA COMUNIDAD VALENCIANA. PLAZA CONDE DE CARLET, 3 \u2013 46003 VALENCIA (Valencia). Email: <a href=\"mailto:secretaria@cecapcv.org\">secretaria@cecapcv.org<\/a><\/p>\n<p>&nbsp;<\/p>\n<p>&nbsp;<\/p>\n<\/div>\n<h4>2. CAR\u00c1CTER OBLIGATORIO O FACULTATIVO DE LA INFORMACI\u00d3N FACILITADA POR EL USUARIO<\/h4>\n<div align=\"left\">\n<p class=\"p1\">Los Usuarios, mediante la marcaci\u00f3n de las casillas correspondientes y entrada de datos en los campos, marcados con un asterisco (*) en el formulario de contacto o presentados en formularios de descarga, aceptan expresamente y de forma libre e inequ\u00edvoca, que sus datos son necesarios para atender su petici\u00f3n, por parte del prestador, siendo voluntaria la inclusi\u00f3n de datos en los campos restantes. El Usuario garantiza que los datos personales facilitados al RESPONSABLE son veraces y se hace responsable de comunicar cualquier modificaci\u00f3n de los mismos.<br \/>El RESPONSABLE informa y garantiza expresamente a los usuarios que sus datos personales no ser\u00e1n cedidos en ning\u00fan caso a terceros, y que siempre que realizara alg\u00fan tipo de cesi\u00f3n de datos personales, se pedir\u00e1 previamente el consentimiento expreso, informado e inequ\u00edvoco por parte los Usuarios. Todos los datos solicitados a trav\u00e9s del sitio web son obligatorios, ya que son necesarios para la prestaci\u00f3n de un servicio \u00f3ptimo al Usuario. En caso de que no sean facilitados todos los datos, no se garantiza que la informaci\u00f3n y servicios facilitados sean completamente ajustados a sus necesidades.<\/p>\n<p class=\"p1\">\n<p class=\"p1\">\n<\/div>\n<h4>3. MEDIDAS DE SEGURIDAD<\/h4>\n<div align=\"left\">\n<p class=\"p1\">Que de conformidad con lo dispuesto en las normativas vigentes en protecci\u00f3n de datos personales, el RESPONSABLE est\u00e1 cumpliendo con todas las disposiciones de las normativas GDPR para el tratamiento de los datos personales de su responsabilidad, y manifiestamente con los principios descritos en el art\u00edculo 5 del GDPR, por los cuales son tratados de manera l\u00edcita, leal y transparente en relaci\u00f3n con el interesado y adecuados, pertinentes y limitados a lo necesario en relaci\u00f3n con los fines para los que son tratados.<br \/>El RESPONSABLE garantiza que ha implementado pol\u00edticas t\u00e9cnicas y organizativas apropiadas para aplicar las medidas de seguridad que establecen el GDPR con el fin de proteger los derechos y libertades de los Usuarios y les ha comunicado la informaci\u00f3n adecuada para que puedan ejercerlos.<\/p>\n<\/div>\n<\/div>\n<\/div>\n<\/div>\n<\/div>\n<\/div>\n<p>[\/et_pb_text][\/et_pb_column][\/et_pb_row][\/et_pb_section]<\/p>\n","protected":false},"excerpt":{"rendered":"<p>Pol\u00edtica de Privacidad 1. INFORMACI\u00d3N AL USUARIO FEDERACI\u00d3N EMPRESARIAL DE CENTROS DE FORMACI\u00d3N DE LA COMUNIDAD VALENCIANA, en adelante RESPONSABLE, es el Responsable del tratamiento de los datos personales del Usuario y le informa que estos datos ser\u00e1n tratados de conformidad con lo dispuesto en el Reglamento (UE) 2016\/679 de 27 de abril (GDPR) y [&hellip;]<\/p>\n","protected":false},"author":1,"featured_media":0,"parent":0,"menu_order":0,"comment_status":"closed","ping_status":"closed","template":"","meta":{"_acf_changed":false,"_et_pb_use_builder":"on","_et_pb_old_content":"","_et_gb_content_width":"","footnotes":""},"class_list":["post-895","page","type-page","status-publish","hentry"],"acf":[],"_links":{"self":[{"href":"https:\/\/cursoscecap.es\/ata\/wp-json\/wp\/v2\/pages\/895","targetHints":{"allow":["GET"]}}],"collection":[{"href":"https:\/\/cursoscecap.es\/ata\/wp-json\/wp\/v2\/pages"}],"about":[{"href":"https:\/\/cursoscecap.es\/ata\/wp-json\/wp\/v2\/types\/page"}],"author":[{"embeddable":true,"href":"https:\/\/cursoscecap.es\/ata\/wp-json\/wp\/v2\/users\/1"}],"replies":[{"embeddable":true,"href":"https:\/\/cursoscecap.es\/ata\/wp-json\/wp\/v2\/comments?post=895"}],"version-history":[{"count":9,"href":"https:\/\/cursoscecap.es\/ata\/wp-json\/wp\/v2\/pages\/895\/revisions"}],"predecessor-version":[{"id":2574,"href":"https:\/\/cursoscecap.es\/ata\/wp-json\/wp\/v2\/pages\/895\/revisions\/2574"}],"wp:attachment":[{"href":"https:\/\/cursoscecap.es\/ata\/wp-json\/wp\/v2\/media?parent=895"}],"curies":[{"name":"wp","href":"https:\/\/api.w.org\/{rel}","templated":true}]}}

Política de privacidad

<p>[et_pb_section fb_built=»1&#8243; _builder_version=»4.16&#8243; _module_preset=»default» global_colors_info=»{}»][et_pb_row custom_padding_last_edited=»on|phone» _builder_version=»4.16&#8243; _module_preset=»default» background_color=»#ffffff» use_background_color_gradient=»on» background_color_gradient_stops=»#ffffff 0%|rgba(255,255,255,0.44) 100%» background_color_gradient_overlays_image=»on» background_color_gradient_start=»#ffffff» background_color_gradient_end=»rgba(255,255,255,0.44)» background_enable_image=»off» background_size=»contain» background_position=»bottom_right» custom_margin=»||||false|false» custom_margin_tablet=»» custom_margin_phone=»» custom_margin_last_edited=»on|tablet» custom_padding=»0.2%|60px|0.2%|60px|true|true» custom_padding_tablet=»|30px||30px|true|true» custom_padding_phone=»|20px||20px|false|true» background_size_tablet=»initial» locked=»off» global_colors_info=»{}»][et_pb_column type=»4_4&#8243; _builder_version=»4.16&#8243; _module_preset=»default» global_colors_info=»{}»][et_pb_image src=»https://cursoscecap.es/ata/wp-content/uploads/2022/04/indice.png» title_text=»índice» url=»/ata/inicio» align=»center» _builder_version=»4.18.0&#8243; _module_preset=»default» max_width=»40%» max_width_tablet=»70%» max_width_phone=»90%» max_width_last_edited=»on|phone» custom_margin=»||46px||false|false» custom_padding=»36px|||||» global_colors_info=»{}»][/et_pb_image][et_pb_button button_url=»/ata/inicio» button_text=»VOLVER AL INICIO» button_alignment=»center» module_class=»lwp-back-button» _builder_version=»4.18.0&#8243; _module_preset=»default» custom_button=»on» button_text_color=»#224735&#8243; button_border_radius=»0px» button_font=»Aldrich||||||||» global_colors_info=»{}»][/et_pb_button][et_pb_divider color=»#5ea244&#8243; divider_weight=»1px» _builder_version=»4.17.1&#8243; _module_preset=»default» width=»50%» module_alignment=»center» custom_margin=»0px||||false|false» custom_padding=»|||0px|false|false» global_colors_info=»{}»][/et_pb_divider][/et_pb_column][/et_pb_row][et_pb_row _builder_version=»4.16&#8243; _module_preset=»default» global_colors_info=»{}»][et_pb_column type=»4_4&#8243; _builder_version=»4.16&#8243; _module_preset=»default» global_colors_info=»{}»][et_pb_text _builder_version=»4.17.1&#8243; _module_preset=»default» text_font=»Poppins|300|||||||» text_font_size=»54px» header_font=»Aldrich|300|||||||» header_font_size=»54px» global_colors_info=»{}»]</p>
<h1 style="text-align: center;"><span style="text-decoration: underline;">Política de Privacidad</span></h1>
<p>[/et_pb_text][/et_pb_column][/et_pb_row][et_pb_row _builder_version=»4.16&#8243; _module_preset=»default» custom_margin=»1px|auto||auto||» global_colors_info=»{}»][et_pb_column type=»4_4&#8243; _builder_version=»4.16&#8243; _module_preset=»default» global_colors_info=»{}»][et_pb_text _builder_version=»4.17.1&#8243; _module_preset=»default» text_font=»Poppins|300|||||||» header_font=»Poppins|300|||||||» header_font_size=»54px» global_colors_info=»{}»]</p>
<div class="row">
<div class="et_pb_row et_pb_row_2">
<div class="et_pb_column et_pb_column_4_4 et_pb_column_2  et_pb_css_mix_blend_mode_passthrough et-last-child">
<div class="et_pb_module et_pb_text et_pb_text_1  et_pb_text_align_left et_pb_bg_layout_light">
<div class="et_pb_text_inner">
<h4>1. INFORMACIÓN AL USUARIO</h4>
<div align="left">
<p class="p1"><b>FEDERACIÓN EMPRESARIAL DE CENTROS DE FORMACIÓN DE LA COMUNIDAD VALENCIANA</b>, en adelante RESPONSABLE, es el Responsable del tratamiento de los datos personales del Usuario y le informa que estos datos serán tratados de conformidad con lo dispuesto en el Reglamento (UE) 2016/679 de 27 de abril (GDPR) y la Ley Orgánica 3/2018 de 5 de diciembre (LOPDGDD), por lo que se le facilita la siguiente información del tratamiento:</p>
<p><b>Fin del tratamiento</b>: mantener una relación comercial con el Usuario. Las operaciones previstas para realizar el tratamiento son:</p>
<ul>
<li>– Remisión de comunicaciones comerciales publicitarias por email, fax, SMS, MMS, comunidades sociales o cualquier otro medio electrónico o físico, presente o futuro, que posibilite realizar comunicaciones comerciales. Estas comunicaciones serán realizadas por el RESPONSABLE y relacionadas sobre sus productos y servicios, o de sus colaboradores o proveedores con los que éste haya alcanzado algún acuerdo de promoción. En este caso, los terceros nunca tendrán acceso a los datos personales.</li>
<li>– Realizar estudios estadísticos.</li>
<li>– Tramitar encargos, solicitudes o cualquier tipo de petición que sea realizada por el usuario a través de cualquiera de las formas de contacto que se ponen a su disposición.</li>
<li>– Remitir el boletín de noticias de la página web.</li>
</ul>
<p><b>Base jurídica del tratamiento</b>: consentimiento del interesado.</p>
<p><b>Criterios de conservación de los datos</b>: se conservarán durante no más tiempo del necesario para mantener el fin del tratamiento y cuando ya no sea necesario para tal fin, se suprimirán con medidas de seguridad adecuadas para garantizar la seudonimización de los datos o la destrucción total de los mismos.</p>
<p><b>Comunicación de los datos</b>: No se comunicarán los datos a terceros, salvo obligación legal.</p>
<p><b>Derechos que asisten al Usuario</b>:</p>
<ul>
<li>– Derecho a retirar el consentimiento en cualquier momento.</li>
<li>– Derecho de acceso, rectificación, portabilidad y supresión de sus datos y a la limitación u oposición al su tratamiento.</li>
<li>– Derecho a presentar una reclamación ante la autoridad de control (www.aepd.es) si considera que el tratamiento no se ajusta a la normativa vigente.</li>
</ul>
<p><b>Datos de contacto para ejercer sus derechos</b>: FEDERACIÓN EMPRESARIAL DE CENTROS DE FORMACIÓN DE LA COMUNIDAD VALENCIANA. PLAZA CONDE DE CARLET, 3 – 46003 VALENCIA (Valencia). Email: <a href="mailto:secretaria@cecapcv.org">secretaria@cecapcv.org</a></p>
<p>&nbsp;</p>
<p>&nbsp;</p>
</div>
<h4>2. CARÁCTER OBLIGATORIO O FACULTATIVO DE LA INFORMACIÓN FACILITADA POR EL USUARIO</h4>
<div align="left">
<p class="p1">Los Usuarios, mediante la marcación de las casillas correspondientes y entrada de datos en los campos, marcados con un asterisco (*) en el formulario de contacto o presentados en formularios de descarga, aceptan expresamente y de forma libre e inequívoca, que sus datos son necesarios para atender su petición, por parte del prestador, siendo voluntaria la inclusión de datos en los campos restantes. El Usuario garantiza que los datos personales facilitados al RESPONSABLE son veraces y se hace responsable de comunicar cualquier modificación de los mismos.<br />El RESPONSABLE informa y garantiza expresamente a los usuarios que sus datos personales no serán cedidos en ningún caso a terceros, y que siempre que realizara algún tipo de cesión de datos personales, se pedirá previamente el consentimiento expreso, informado e inequívoco por parte los Usuarios. Todos los datos solicitados a través del sitio web son obligatorios, ya que son necesarios para la prestación de un servicio óptimo al Usuario. En caso de que no sean facilitados todos los datos, no se garantiza que la información y servicios facilitados sean completamente ajustados a sus necesidades.</p>
<p class="p1">
<p class="p1">
</div>
<h4>3. MEDIDAS DE SEGURIDAD</h4>
<div align="left">
<p class="p1">Que de conformidad con lo dispuesto en las normativas vigentes en protección de datos personales, el RESPONSABLE está cumpliendo con todas las disposiciones de las normativas GDPR para el tratamiento de los datos personales de su responsabilidad, y manifiestamente con los principios descritos en el artículo 5 del GDPR, por los cuales son tratados de manera lícita, leal y transparente en relación con el interesado y adecuados, pertinentes y limitados a lo necesario en relación con los fines para los que son tratados.<br />El RESPONSABLE garantiza que ha implementado políticas técnicas y organizativas apropiadas para aplicar las medidas de seguridad que establecen el GDPR con el fin de proteger los derechos y libertades de los Usuarios y les ha comunicado la información adecuada para que puedan ejercerlos.</p>
</div>
</div>
</div>
</div>
</div>
</div>
<p>[/et_pb_text][/et_pb_column][/et_pb_row][/et_pb_section]</p>

<p>Política de Privacidad 1. INFORMACIÓN AL USUARIO FEDERACIÓN EMPRESARIAL DE CENTROS DE FORMACIÓN DE LA COMUNIDAD VALENCIANA, en adelante RESPONSABLE, es el Responsable del tratamiento de los datos personales del Usuario y le informa que estos datos serán tratados de conformidad con lo dispuesto en el Reglamento (UE) 2016/679 de 27 de abril (GDPR) y [&hellip;]</p>
