{"id":262,"date":"2021-11-17T17:57:40","date_gmt":"2021-11-17T17:57:40","guid":{"rendered":"https:\/\/cursoscecap.es\/ata\/?page_id=262"},"modified":"2022-08-30T14:54:07","modified_gmt":"2022-08-30T14:54:07","slug":"inicio","status":"publish","type":"page","link":"https:\/\/cursoscecap.es\/ata\/","title":{"rendered":"Inicio"},"content":{"rendered":"<p>[et_pb_section fb_built=\u00bb1&#8243; admin_label=\u00bbHeader\u00bb _builder_version=\u00bb4.16&#8243; _module_preset=\u00bbdefault\u00bb background_enable_image=\u00bboff\u00bb custom_margin=\u00bb||||false|false\u00bb custom_padding=\u00bb4px||0px||false|false\u00bb global_colors_info=\u00bb{}\u00bb][et_pb_row custom_padding_last_edited=\u00bbon|phone\u00bb _builder_version=\u00bb4.16&#8243; _module_preset=\u00bbdefault\u00bb background_color=\u00bb#ffffff\u00bb use_background_color_gradient=\u00bbon\u00bb background_color_gradient_stops=\u00bb#ffffff 0%|rgba(255,255,255,0.44) 100%\u00bb background_color_gradient_overlays_image=\u00bbon\u00bb background_color_gradient_start=\u00bb#ffffff\u00bb background_color_gradient_end=\u00bbrgba(255,255,255,0.44)\u00bb background_enable_image=\u00bboff\u00bb background_size=\u00bbcontain\u00bb background_position=\u00bbbottom_right\u00bb custom_margin=\u00bb||||false|false\u00bb custom_margin_tablet=\u00bb\u00bb custom_margin_phone=\u00bb\u00bb custom_margin_last_edited=\u00bbon|tablet\u00bb custom_padding=\u00bb0.2%|60px|0.2%|60px|true|true\u00bb custom_padding_tablet=\u00bb|30px||30px|true|true\u00bb custom_padding_phone=\u00bb|20px||20px|false|true\u00bb background_size_tablet=\u00bbinitial\u00bb locked=\u00bboff\u00bb global_colors_info=\u00bb{}\u00bb][et_pb_column type=\u00bb4_4&#8243; _builder_version=\u00bb4.16&#8243; _module_preset=\u00bbdefault\u00bb global_colors_info=\u00bb{}\u00bb][et_pb_image src=\u00bbhttps:\/\/cursoscecap.es\/ata\/wp-content\/uploads\/2022\/04\/indice.png\u00bb title_text=\u00bb\u00edndice\u00bb url=\u00bb\/ata\/inicio\u00bb align=\u00bbcenter\u00bb _builder_version=\u00bb4.18.0&#8243; _module_preset=\u00bbdefault\u00bb max_width=\u00bb40%\u00bb max_width_tablet=\u00bb70%\u00bb max_width_phone=\u00bb90%\u00bb max_width_last_edited=\u00bbon|phone\u00bb custom_margin=\u00bb||46px||false|false\u00bb custom_padding=\u00bb36px|||||\u00bb hover_enabled=\u00bb0&#8243; global_colors_info=\u00bb{}\u00bb sticky_enabled=\u00bb0&#8243;][\/et_pb_image][et_pb_text _builder_version=\u00bb4.17.1&#8243; _module_preset=\u00bbdefault\u00bb text_font=\u00bbAlata||||||||\u00bb header_font=\u00bbAldrich||||||||\u00bb header_font_size=\u00bb54px\u00bb header_line_height=\u00bb1.3em\u00bb header_2_font=\u00bbAdvent Pro||||||||\u00bb text_orientation=\u00bbcenter\u00bb max_width=\u00bb800px\u00bb module_alignment=\u00bbcenter\u00bb header_font_size_tablet=\u00bb40px\u00bb header_font_size_phone=\u00bb24px\u00bb header_font_size_last_edited=\u00bbon|phone\u00bb locked=\u00bboff\u00bb global_colors_info=\u00bb{}\u00bb]<\/p>\n<h1>Buscador de cursos<\/h1>\n<p>[\/et_pb_text][et_pb_divider color=\u00bb#5ea244&#8243; divider_weight=\u00bb1px\u00bb _builder_version=\u00bb4.17.1&#8243; _module_preset=\u00bbdefault\u00bb width=\u00bb50%\u00bb module_alignment=\u00bbcenter\u00bb custom_margin=\u00bb0px||||false|false\u00bb custom_padding=\u00bb|||0px|false|false\u00bb global_colors_info=\u00bb{}\u00bb][\/et_pb_divider][\/et_pb_column][\/et_pb_row][et_pb_row custom_padding_last_edited=\u00bbon|phone\u00bb _builder_version=\u00bb4.16&#8243; _module_preset=\u00bbdefault\u00bb background_enable_color=\u00bboff\u00bb use_background_color_gradient=\u00bbon\u00bb background_color_gradient_stops=\u00bb#ffffff 0%|rgba(255,255,255,0.44) 100%\u00bb background_color_gradient_overlays_image=\u00bbon\u00bb background_color_gradient_start=\u00bb#ffffff\u00bb background_color_gradient_end=\u00bbrgba(255,255,255,0.44)\u00bb background_enable_image=\u00bboff\u00bb background_size=\u00bbcontain\u00bb background_position=\u00bbbottom_right\u00bb custom_margin=\u00bb|auto|-2px|auto|false|false\u00bb custom_margin_tablet=\u00bb\u00bb custom_margin_phone=\u00bb\u00bb custom_margin_last_edited=\u00bbon|tablet\u00bb custom_padding=\u00bb1.9%|60px|1.9%|60px|true|true\u00bb custom_padding_tablet=\u00bb|30px||30px|true|true\u00bb custom_padding_phone=\u00bb|20px||20px|false|true\u00bb background_size_tablet=\u00bbinitial\u00bb locked=\u00bboff\u00bb global_colors_info=\u00bb{}\u00bb][et_pb_column type=\u00bb4_4&#8243; _builder_version=\u00bb4.16&#8243; _module_preset=\u00bbdefault\u00bb global_colors_info=\u00bb{}\u00bb][et_pb_text _builder_version=\u00bb4.16&#8243; _module_preset=\u00bbdefault\u00bb text_font=\u00bbPoppins|300|||||||\u00bb header_font=\u00bbPoppins|300|||||||\u00bb header_2_font=\u00bbPoppins|300|||||||\u00bb header_3_font=\u00bbPoppins|300|||||||\u00bb global_colors_info=\u00bb{}\u00bb]<\/p>\n<h3 style=\"text-align: center;\">Selecciona la opci\u00f3n que necesites para acceder al buscador adecuado<\/h3>\n<p>[\/et_pb_text][\/et_pb_column][\/et_pb_row][et_pb_row column_structure=\u00bb1_3,1_3,1_3&#8243; _builder_version=\u00bb4.17.1&#8243; _module_preset=\u00bbdefault\u00bb global_colors_info=\u00bb{}\u00bb][et_pb_column type=\u00bb1_3&#8243; _builder_version=\u00bb4.17.1&#8243; _module_preset=\u00bbdefault\u00bb global_colors_info=\u00bb{}\u00bb][et_pb_blurb title=\u00bbFormaci\u00f3n subvencionada para personas DESEMPLEADAS\u00bb image=\u00bbhttps:\/\/cursoscecap.es\/ata\/wp-content\/uploads\/2022\/04\/to-learn-gc8387d849_1920.jpg\u00bb _builder_version=\u00bb4.17.1&#8243; _module_preset=\u00bbdefault\u00bb header_font=\u00bbPoppins||||||||\u00bb header_line_height=\u00bb1.3em\u00bb global_colors_info=\u00bb{}\u00bb]<\/p>\n<p>Utilice este formulario para la b\u00fasqueda de formaci\u00f3n subvencionada para personas DESEMPLEADAS.<\/p>\n<p>[\/et_pb_blurb][et_pb_button button_url=\u00bb\/ata\/cursos-para-desempleados-y-otros\u00bb button_text=\u00bbACCEDER\u00bb button_alignment=\u00bbcenter\u00bb _builder_version=\u00bb4.17.1&#8243; _module_preset=\u00bbdefault\u00bb custom_button=\u00bbon\u00bb button_text_color=\u00bb#224735&#8243; button_border_radius=\u00bb0px\u00bb button_font=\u00bbAldrich||||||||\u00bb global_colors_info=\u00bb{}\u00bb button_letter_spacing__hover_enabled=\u00bbon|desktop\u00bb][\/et_pb_button][\/et_pb_column][et_pb_column type=\u00bb1_3&#8243; _builder_version=\u00bb4.17.1&#8243; _module_preset=\u00bbdefault\u00bb global_colors_info=\u00bb{}\u00bb][et_pb_blurb title=\u00bbFormaci\u00f3n subvencionada para personas OCUPADAS Y AUT\u00d3NOMAS\u00bb image=\u00bbhttps:\/\/cursoscecap.es\/ata\/wp-content\/uploads\/2022\/04\/to-learn-gc7885be74_1920.jpg\u00bb _builder_version=\u00bb4.17.1&#8243; _module_preset=\u00bbdefault\u00bb header_font=\u00bbPoppins||||||||\u00bb header_line_height=\u00bb1.3em\u00bb global_colors_info=\u00bb{}\u00bb]<\/p>\n<p>Utilice este formulario para la b\u00fasqueda de formaci\u00f3n subvencionada para personas OCUPADAS Y AUT\u00d3NOMAS.<\/p>\n<p>[\/et_pb_blurb][et_pb_button button_url=\u00bb\/ata\/cursos-para-ocupados-y-autonomos\u00bb button_text=\u00bbACCEDER\u00bb button_alignment=\u00bbcenter\u00bb _builder_version=\u00bb4.17.1&#8243; _module_preset=\u00bbdefault\u00bb custom_button=\u00bbon\u00bb button_text_color=\u00bb#224735&#8243; button_border_radius=\u00bb0px\u00bb button_font=\u00bbAldrich||||||||\u00bb global_colors_info=\u00bb{}\u00bb button_letter_spacing__hover_enabled=\u00bbon|desktop\u00bb][\/et_pb_button][\/et_pb_column][et_pb_column type=\u00bb1_3&#8243; _builder_version=\u00bb4.17.1&#8243; _module_preset=\u00bbdefault\u00bb global_colors_info=\u00bb{}\u00bb][et_pb_blurb title=\u00bbFormaci\u00f3n PRIVADA\u00bb image=\u00bbhttps:\/\/cursoscecap.es\/ata\/wp-content\/uploads\/2022\/04\/laptop-ge7883f99e_1920.jpg\u00bb _builder_version=\u00bb4.17.1&#8243; _module_preset=\u00bbdefault\u00bb header_font=\u00bbPoppins||||||||\u00bb header_line_height=\u00bb1.3em\u00bb global_colors_info=\u00bb{}\u00bb]<\/p>\n<p>Utilice este formulario para la b\u00fasqueda de formaci\u00f3n PRIVADA.<\/p>\n<p>[\/et_pb_blurb][et_pb_button button_url=\u00bb\/ata\/cursos-privados\u00bb button_text=\u00bbACCEDER\u00bb button_alignment=\u00bbcenter\u00bb _builder_version=\u00bb4.17.1&#8243; _module_preset=\u00bbdefault\u00bb custom_button=\u00bbon\u00bb button_text_color=\u00bb#224735&#8243; button_border_radius=\u00bb0px\u00bb button_font=\u00bbAldrich||||||||\u00bb custom_margin=\u00bb||58px|||\u00bb global_colors_info=\u00bb{}\u00bb button_letter_spacing__hover_enabled=\u00bbon|desktop\u00bb][\/et_pb_button][\/et_pb_column][\/et_pb_row][\/et_pb_section][et_pb_section fb_built=\u00bb1&#8243; _builder_version=\u00bb4.16&#8243; _module_preset=\u00bbdefault\u00bb background_color=\u00bbrgba(2,1,1,0.15)\u00bb global_colors_info=\u00bb{}\u00bb][et_pb_row _builder_version=\u00bb4.16&#8243; _module_preset=\u00bbdefault\u00bb global_colors_info=\u00bb{}\u00bb][et_pb_column type=\u00bb4_4&#8243; _builder_version=\u00bb4.16&#8243; _module_preset=\u00bbdefault\u00bb global_colors_info=\u00bb{}\u00bb][et_pb_text _builder_version=\u00bb4.17.1&#8243; _module_preset=\u00bbdefault\u00bb text_font=\u00bbPoppins|300|||||||\u00bb text_text_color=\u00bb#222222&#8243; text_font_size=\u00bb20px\u00bb text_orientation=\u00bbcenter\u00bb locked=\u00bboff\u00bb global_colors_info=\u00bb{}\u00bb]<\/p>\n<p>Desde 1995<\/p>\n<p>[\/et_pb_text][et_pb_divider color=\u00bb#5ea244&#8243; divider_weight=\u00bb4px\u00bb _builder_version=\u00bb4.17.1&#8243; _module_preset=\u00bbdefault\u00bb width=\u00bb100px\u00bb module_alignment=\u00bbcenter\u00bb custom_margin=\u00bb||||false|false\u00bb locked=\u00bboff\u00bb global_colors_info=\u00bb{}\u00bb][\/et_pb_divider][et_pb_text _builder_version=\u00bb4.17.1&#8243; _module_preset=\u00bbdefault\u00bb text_font=\u00bbAldrich||||||||\u00bb header_font=\u00bbAldrich||||||||\u00bb header_2_font=\u00bbAldrich|300|||||||\u00bb header_2_text_align=\u00bbcenter\u00bb header_2_text_color=\u00bb#222222&#8243; header_2_font_size=\u00bb48px\u00bb header_2_line_height=\u00bb1.3em\u00bb header_2_font_size_tablet=\u00bb36px\u00bb header_2_font_size_phone=\u00bb28px\u00bb header_2_font_size_last_edited=\u00bbon|phone\u00bb locked=\u00bboff\u00bb global_colors_info=\u00bb{}\u00bb]<\/p>\n<h2>\u00ab25 a\u00f1os dedicados a los aut\u00f3nomos\u00bb<\/h2>\n<p>[\/et_pb_text][\/et_pb_column][\/et_pb_row][et_pb_row column_structure=\u00bb1_2,1_2&#8243; _builder_version=\u00bb4.16&#8243; _module_preset=\u00bbdefault\u00bb global_colors_info=\u00bb{}\u00bb][et_pb_column type=\u00bb1_2&#8243; _builder_version=\u00bb4.16&#8243; _module_preset=\u00bbdefault\u00bb global_colors_info=\u00bb{}\u00bb][et_pb_text _builder_version=\u00bb4.16&#8243; _module_preset=\u00bbdefault\u00bb text_font=\u00bbPoppins|300|||||||\u00bb text_text_color=\u00bb#555555&#8243; text_font_size=\u00bb16px\u00bb text_line_height=\u00bb1.8em\u00bb locked=\u00bboff\u00bb global_colors_info=\u00bb{}\u00bb]<\/p>\n<p>La Federaci\u00f3n Nacional de Asociaciones de Trabajadores Aut\u00f3nomos-ATA lleva desde 1995 defendiendo y representando al trabajador aut\u00f3nomo. Actualmente somos una organizaci\u00f3n de \u00e1mbito nacional integrada por m\u00e1s de 250.000 aut\u00f3nomos socios de cuota que sumados a los de cesi\u00f3n de representaci\u00f3n llevan a ATA a sumar m\u00e1s de 550.000 aut\u00f3nomos que conf\u00edan en nosotros.<\/p>\n<p>[\/et_pb_text][\/et_pb_column][et_pb_column type=\u00bb1_2&#8243; _builder_version=\u00bb4.16&#8243; _module_preset=\u00bbdefault\u00bb global_colors_info=\u00bb{}\u00bb][et_pb_text _builder_version=\u00bb4.16&#8243; _module_preset=\u00bbdefault\u00bb text_font=\u00bbPoppins|300|||||||\u00bb text_text_color=\u00bb#555555&#8243; text_font_size=\u00bb16px\u00bb text_line_height=\u00bb1.8em\u00bb locked=\u00bboff\u00bb global_colors_info=\u00bb{}\u00bb]<\/p>\n<p><strong>ATA<\/strong>\u00a0comienza su andadura en el a\u00f1o 1.995, cuando un grupo de aut\u00f3nomos ante la indefensi\u00f3n que sent\u00eda frente a las administraciones, y conscientes del\u00a0 \u201cgran olvido\u201d al que se le hab\u00eda sometido al colectivo durante d\u00e9cadas, deciden aunar esfuerzos y fundar\u00a0<strong>ATA<\/strong>, como Asociaci\u00f3n de Aut\u00f3nomos.<\/p>\n<p>[\/et_pb_text][\/et_pb_column][\/et_pb_row][\/et_pb_section]<\/p>\n","protected":false},"excerpt":{"rendered":"<p>Buscador de cursosSelecciona la opci\u00f3n que necesites para acceder al buscador adecuadoUtilice este formulario para la b\u00fasqueda de formaci\u00f3n subvencionada para personas DESEMPLEADAS.Utilice este formulario para la b\u00fasqueda de formaci\u00f3n subvencionada para personas OCUPADAS Y AUT\u00d3NOMAS.Utilice este formulario para la b\u00fasqueda de formaci\u00f3n PRIVADA.Desde 1995&#8243;25 a\u00f1os dedicados a los aut\u00f3nomos\u00bbLa Federaci\u00f3n Nacional de Asociaciones de [&hellip;]<\/p>\n","protected":false},"author":1,"featured_media":0,"parent":0,"menu_order":0,"comment_status":"closed","ping_status":"closed","template":"","meta":{"_acf_changed":false,"_et_pb_use_builder":"on","_et_pb_old_content":"","_et_gb_content_width":"","footnotes":""},"class_list":["post-262","page","type-page","status-publish","hentry"],"acf":[],"_links":{"self":[{"href":"https:\/\/cursoscecap.es\/ata\/wp-json\/wp\/v2\/pages\/262","targetHints":{"allow":["GET"]}}],"collection":[{"href":"https:\/\/cursoscecap.es\/ata\/wp-json\/wp\/v2\/pages"}],"about":[{"href":"https:\/\/cursoscecap.es\/ata\/wp-json\/wp\/v2\/types\/page"}],"author":[{"embeddable":true,"href":"https:\/\/cursoscecap.es\/ata\/wp-json\/wp\/v2\/users\/1"}],"replies":[{"embeddable":true,"href":"https:\/\/cursoscecap.es\/ata\/wp-json\/wp\/v2\/comments?post=262"}],"version-history":[{"count":60,"href":"https:\/\/cursoscecap.es\/ata\/wp-json\/wp\/v2\/pages\/262\/revisions"}],"predecessor-version":[{"id":2547,"href":"https:\/\/cursoscecap.es\/ata\/wp-json\/wp\/v2\/pages\/262\/revisions\/2547"}],"wp:attachment":[{"href":"https:\/\/cursoscecap.es\/ata\/wp-json\/wp\/v2\/media?parent=262"}],"curies":[{"name":"wp","href":"https:\/\/api.w.org\/{rel}","templated":true}]}}